[INFO] fetching crate bevy_synthizer 0.3.2...
[INFO] checking bevy_synthizer-0.3.2 against master#9610dfe5a9a731ced1ea4923ecbd0c57fe367898 for beta-170-4
[INFO] extracting crate bevy_synthizer 0.3.2 into /workspace/builds/worker-0-tc1/source
[INFO] validating manifest of crates.io crate bevy_synthizer 0.3.2 on toolchain 9610dfe5a9a731ced1ea4923ecbd0c57fe367898
[INFO] running `Command { std: CARGO_HOME="/workspace/cargo-home" RUSTUP_HOME="/workspace/rustup-home" "/workspace/cargo-home/bin/cargo" "+9610dfe5a9a731ced1ea4923ecbd0c57fe367898" "metadata" "--manifest-path" "Cargo.toml" "--no-deps", kill_on_drop: false }`
[INFO] started tweaking crates.io crate bevy_synthizer 0.3.2
[INFO] finished tweaking crates.io crate bevy_synthizer 0.3.2
[INFO] tweaked toml for crates.io crate bevy_synthizer 0.3.2 written to /workspace/builds/worker-0-tc1/source/Cargo.toml
[INFO] crate crates.io crate bevy_synthizer 0.3.2 already has a lockfile, it will not be regenerated
[INFO] running `Command { std: CARGO_HOME="/workspace/cargo-home" RUSTUP_HOME="/workspace/rustup-home" "/workspace/cargo-home/bin/cargo" "+9610dfe5a9a731ced1ea4923ecbd0c57fe367898" "fetch" "--manifest-path" "Cargo.toml", kill_on_drop: false }`
[INFO] [stderr]     Updating crates.io index
[INFO] [stderr]  Downloading crates ...
[INFO] [stderr]   Downloaded gilrs v0.10.2
[INFO] [stderr]   Downloaded gilrs-core v0.5.5
[INFO] [stderr]   Downloaded io-kit-sys v0.3.0
[INFO] [stderr]   Downloaded synthizer v0.5.6
[INFO] [stderr]   Downloaded const_panic v0.2.8
[INFO] [stderr]   Downloaded synthizer-sys v0.10.10
[INFO] running `Command { std: "docker" "create" "-v" "/var/lib/crater-agent-workspace/builds/worker-0-tc1/target:/opt/rustwide/target:rw,Z" "-v" "/var/lib/crater-agent-workspace/builds/worker-0-tc1/source:/opt/rustwide/workdir:ro,Z" "-v" "/var/lib/crater-agent-workspace/cargo-home:/opt/rustwide/cargo-home:ro,Z" "-v" "/var/lib/crater-agent-workspace/rustup-home:/opt/rustwide/rustup-home:ro,Z" "-e" "SOURCE_DIR=/opt/rustwide/workdir" "-e" "CARGO_TARGET_DIR=/opt/rustwide/target" "-e" "CARGO_HOME=/opt/rustwide/cargo-home" "-e" "RUSTUP_HOME=/opt/rustwide/rustup-home" "-w" "/opt/rustwide/workdir" "-m" "1610612736" "--user" "0:0" "--network" "none" "ghcr.io/rust-lang/crates-build-env/linux@sha256:19e73879b68f455e41552ea35293514db52ea292d993f571636dbffedb77a1ee" "/opt/rustwide/cargo-home/bin/cargo" "+9610dfe5a9a731ced1ea4923ecbd0c57fe367898" "metadata" "--no-deps" "--format-version=1", kill_on_drop: false }`
[INFO] [stdout] 305c5a19c330c6620d1c835c2c0187b72565b000cd4f81f6628ccbc2d488f63f
[INFO] running `Command { std: "docker" "start" "-a" "305c5a19c330c6620d1c835c2c0187b72565b000cd4f81f6628ccbc2d488f63f", kill_on_drop: false }`
[INFO] running `Command { std: "docker" "inspect" "305c5a19c330c6620d1c835c2c0187b72565b000cd4f81f6628ccbc2d488f63f", kill_on_drop: false }`
[INFO] running `Command { std: "docker" "rm" "-f" "305c5a19c330c6620d1c835c2c0187b72565b000cd4f81f6628ccbc2d488f63f", kill_on_drop: false }`
[INFO] [stdout] 305c5a19c330c6620d1c835c2c0187b72565b000cd4f81f6628ccbc2d488f63f
[INFO] running `Command { std: "docker" "create" "-v" "/var/lib/crater-agent-workspace/builds/worker-0-tc1/target:/opt/rustwide/target:rw,Z" "-v" "/var/lib/crater-agent-workspace/builds/worker-0-tc1/source:/opt/rustwide/workdir:ro,Z" "-v" "/var/lib/crater-agent-workspace/cargo-home:/opt/rustwide/cargo-home:ro,Z" "-v" "/var/lib/crater-agent-workspace/rustup-home:/opt/rustwide/rustup-home:ro,Z" "-e" "SOURCE_DIR=/opt/rustwide/workdir" "-e" "CARGO_TARGET_DIR=/opt/rustwide/target" "-e" "CARGO_INCREMENTAL=0" "-e" "RUST_BACKTRACE=full" "-e" "RUSTFLAGS=--cap-lints=forbid" "-e" "RUSTDOCFLAGS=--cap-lints=forbid" "-e" "CARGO_HOME=/opt/rustwide/cargo-home" "-e" "RUSTUP_HOME=/opt/rustwide/rustup-home" "-w" "/opt/rustwide/workdir" "-m" "1610612736" "--user" "0:0" "--network" "none" "ghcr.io/rust-lang/crates-build-env/linux@sha256:19e73879b68f455e41552ea35293514db52ea292d993f571636dbffedb77a1ee" "/opt/rustwide/cargo-home/bin/cargo" "+9610dfe5a9a731ced1ea4923ecbd0c57fe367898" "check" "--frozen" "--all" "--all-targets" "--message-format=json", kill_on_drop: false }`
[INFO] [stdout] 1cc6359dfc1c39658aa24daa74c394513585216c59cfad09d2560d8db4443763
[INFO] running `Command { std: "docker" "start" "-a" "1cc6359dfc1c39658aa24daa74c394513585216c59cfad09d2560d8db4443763", kill_on_drop: false }`
[INFO] [stderr]    Compiling libc v0.2.142
[INFO] [stderr]    Compiling serde_derive v1.0.160
[INFO] [stderr]    Compiling serde v1.0.160
[INFO] [stderr]     Checking once_cell v1.17.1
[INFO] [stderr]    Compiling hashbrown v0.12.3
[INFO] [stderr]    Compiling toml_datetime v0.6.1
[INFO] [stderr]    Compiling crossbeam-utils v0.8.15
[INFO] [stderr]    Compiling winnow v0.4.6
[INFO] [stderr]    Compiling log v0.4.17
[INFO] [stderr]     Checking fixedbitset v0.4.2
[INFO] [stderr]    Compiling syn v2.0.15
[INFO] [stderr]    Compiling syn v1.0.109
[INFO] [stderr]     Checking instant v0.1.12
[INFO] [stderr]     Checking rustc-hash v1.1.0
[INFO] [stderr]    Compiling bit-vec v0.6.3
[INFO] [stderr]    Compiling erased-serde v0.3.25
[INFO] [stderr]     Checking downcast-rs v1.2.0
[INFO] [stderr]     Checking bevy_ptr v0.10.1
[INFO] [stderr]    Compiling num-traits v0.2.15
[INFO] [stderr]     Checking tracing-core v0.1.30
[INFO] [stderr]     Checking thread_local v1.1.7
[INFO] [stderr]     Checking byteorder v1.4.3
[INFO] [stderr]    Compiling bit-set v0.5.3
[INFO] [stderr]     Checking regex-syntax v0.7.1
[INFO] [stderr]     Checking overload v0.1.1
[INFO] [stderr]     Checking matchers v0.1.0
[INFO] [stderr]    Compiling indexmap v1.9.3
[INFO] [stderr]     Checking nu-ansi-term v0.46.0
[INFO] [stderr]     Checking raw-window-handle v0.5.2
[INFO] [stderr]     Checking libloading v0.7.4
[INFO] [stderr]     Checking termcolor v1.2.0
[INFO] [stderr]    Compiling anyhow v1.0.71
[INFO] [stderr]     Checking tracing v0.1.37
[INFO] [stderr]     Checking concurrent-queue v2.2.0
[INFO] [stderr]     Checking tracing-log v0.1.3
[INFO] [stderr]     Checking crossbeam-channel v0.5.8
[INFO] [stderr]    Compiling khronos-egl v4.1.0
[INFO] [stderr]     Checking unicode-xid v0.2.4
[INFO] [stderr]     Checking simd-adler32 v0.3.5
[INFO] [stderr]     Checking unicode-width v0.1.10
[INFO] [stderr]     Checking async-executor v1.5.1
[INFO] [stderr]     Checking async-channel v1.8.0
[INFO] [stderr]    Compiling ash v0.37.2+1.3.238
[INFO] [stderr]     Checking same-file v1.0.6
[INFO] [stderr]     Checking codespan-reporting v0.11.1
[INFO] [stderr]     Checking walkdir v2.3.3
[INFO] [stderr]     Checking pp-rs v0.2.1
[INFO] [stderr]     Checking bevy_tasks v0.10.1
[INFO] [stderr]     Checking gpu-alloc-types v0.2.0
[INFO] [stderr]    Compiling num-integer v0.1.45
[INFO] [stderr]     Checking gpu-descriptor-types v0.1.1
[INFO] [stderr]     Checking hexf-parse v0.2.1
[INFO] [stderr]     Checking arrayvec v0.7.2
[INFO] [stderr]     Checking miniz_oxide v0.7.1
[INFO] [stderr]     Checking gpu-alloc v0.5.3
[INFO] [stderr]     Checking fxhash v0.2.1
[INFO] [stderr]    Compiling num-rational v0.4.1
[INFO] [stderr]     Checking wgpu-types v0.15.2
[INFO] [stderr]    Compiling getrandom v0.2.9
[INFO] [stderr]     Checking profiling v1.0.8
[INFO] [stderr]     Checking renderdoc-sys v0.7.1
[INFO] [stderr]    Compiling uuid v1.3.2
[INFO] [stderr]     Checking glow v0.12.1
[INFO] [stderr]     Checking fdeflate v0.3.0
[INFO] [stderr]     Checking twox-hash v1.6.3
[INFO] [stderr]     Checking const_panic v0.2.8
[INFO] [stderr]     Checking color_quant v1.1.0
[INFO] [stderr]     Checking ktx2 v0.3.0
[INFO] [stderr]     Checking ruzstd v0.2.4
[INFO] [stderr]     Checking flate2 v1.0.26
[INFO] [stderr]    Compiling alsa-sys v0.3.1
[INFO] [stderr]     Checking mio v0.8.6
[INFO] [stderr]     Checking inotify-sys v0.1.5
[INFO] [stderr]     Checking sysinfo v0.28.4
[INFO] [stderr]     Checking filetime v0.2.21
[INFO] [stderr]     Checking inotify v0.9.6
[INFO] [stderr]     Checking ahash v0.7.6
[INFO] [stderr]     Checking radsort v0.1.0
[INFO] [stderr]    Compiling xml-rs v0.8.5
[INFO] [stderr]    Compiling libudev-sys v0.1.4
[INFO] [stderr]     Checking spirv v0.2.0+1.5.4
[INFO] [stderr]    Compiling x11-dl v2.21.0
[INFO] [stderr]     Checking ttf-parser v0.19.0
[INFO] [stderr]     Checking notify v5.1.0
[INFO] [stderr]     Checking png v0.17.8
[INFO] [stderr]     Checking regex v1.8.1
[INFO] [stderr]    Compiling cfg_aliases v0.1.1
[INFO] [stderr]    Compiling serde_json v1.0.96
[INFO] [stderr]     Checking approx v0.5.1
[INFO] [stderr]     Checking euclid v0.22.9
[INFO] [stderr]    Compiling encase_derive_impl v0.5.0
[INFO] [stderr]     Checking nix v0.24.3
[INFO] [stderr]    Compiling slotmap v1.0.6
[INFO] [stderr]    Compiling toml_edit v0.19.8
[INFO] [stderr]    Compiling wayland-scanner v0.29.5
[INFO] [stderr]    Compiling cpal v0.15.2
[INFO] [stderr]    Compiling inflections v1.1.1
[INFO] [stderr]     Checking accesskit v0.10.1
[INFO] [stderr]     Checking ab_glyph_rasterizer v0.1.8
[INFO] [stderr]     Checking svg_fmt v0.4.1
[INFO] [stderr]     Checking alsa v0.7.0
[INFO] [stderr]     Checking nix v0.26.2
[INFO] [stderr]     Checking ogg v0.8.0
[INFO] [stderr]     Checking rectangle-pack v0.4.2
[INFO] [stderr]    Compiling bytemuck_derive v1.4.1
[INFO] [stderr]    Compiling thiserror-impl v1.0.40
[INFO] [stderr]     Checking xi-unicode v0.3.0
[INFO] [stderr]    Compiling gilrs v0.10.2
[INFO] [stderr]     Checking dasp_sample v0.11.0
[INFO] [stderr]     Checking guillotiere v0.6.2
[INFO] [stderr]    Compiling cmake v0.1.50
[INFO] [stderr]     Checking lewton v0.10.2
[INFO] [stderr]     Checking taffy v0.3.12
[INFO] [stderr]    Compiling synthizer-sys v0.10.10
[INFO] [stderr]     Checking owned_ttf_parser v0.19.0
[INFO] [stderr]    Compiling bevy_utils_proc_macros v0.10.1
[INFO] [stderr]    Compiling encase_derive v0.5.0
[INFO] [stderr]    Compiling gltf-derive v1.1.0
[INFO] [stderr]     Checking ab_glyph v0.2.21
[INFO] [stderr]    Compiling winit v0.28.4
[INFO] [stderr]     Checking bytemuck v1.13.1
[INFO] [stderr]     Checking glyph_brush_layout v0.2.3
[INFO] [stderr]     Checking image v0.24.6
[INFO] [stderr]    Compiling bevy_macro_utils v0.10.1
[INFO] [stderr]     Checking thiserror v1.0.40
[INFO] [stderr]    Compiling bevy_reflect_derive v0.10.1
[INFO] [stderr]    Compiling bevy_ecs_macros v0.10.1
[INFO] [stderr]    Compiling bevy_derive v0.10.1
[INFO] [stderr]    Compiling bevy_encase_derive v0.10.1
[INFO] [stderr]    Compiling bevy_render_macros v0.10.1
[INFO] [stderr]     Checking accesskit_winit v0.12.4
[INFO] [stderr]     Checking smallvec v1.10.0
[INFO] [stderr]     Checking glam v0.23.0
[INFO] [stderr]     Checking ron v0.8.0
[INFO] [stderr]     Checking parking_lot_core v0.9.7
[INFO] [stderr]     Checking tracing-subscriber v0.3.17
[INFO] [stderr]     Checking gilrs-core v0.5.5
[INFO] [stderr]     Checking gpu-descriptor v0.2.3
[INFO] [stderr]     Checking parking_lot v0.12.1
[INFO] [stderr]     Checking petgraph v0.6.3
[INFO] [stderr]     Checking gltf-json v1.1.0
[INFO] [stderr]     Checking rodio v0.17.1
[INFO] [stderr]     Checking bevy_math v0.10.1
[INFO] [stderr]     Checking hexasphere v8.1.0
[INFO] [stderr]     Checking encase v0.5.0
[INFO] [stderr]     Checking bevy_mikktspace v0.10.1
[INFO] [stderr]     Checking bevy_utils v0.10.1
[INFO] [stderr]     Checking naga v0.11.0
[INFO] [stderr]     Checking bevy_reflect v0.10.1
[INFO] [stderr]     Checking gltf v1.1.0
[INFO] [stderr]     Checking bevy_ecs v0.10.1
[INFO] [stderr] error: could not compile `bevy_ecs` (lib)
[INFO] [stderr] 
[INFO] [stderr] Caused by:
[INFO] [stderr]   process didn't exit successfully: `/opt/rustwide/rustup-home/toolchains/9610dfe5a9a731ced1ea4923ecbd0c57fe367898/bin/rustc --crate-name bevy_ecs --edition=2021 /opt/rustwide/cargo-home/registry/src/index.crates.io-6f17d22bba15001f/bevy_ecs-0.10.1/src/lib.rs --error-format=json --json=diagnostic-rendered-ansi,artifacts,future-incompat --crate-type lib --emit=dep-info,metadata -C embed-bitcode=no -C debuginfo=2 --cfg 'feature="bevy_reflect"' --cfg 'feature="default"' -C metadata=fee41ba64a9df6c9 -C extra-filename=-fee41ba64a9df6c9 --out-dir /opt/rustwide/target/debug/deps -L dependency=/opt/rustwide/target/debug/deps --extern async_channel=/opt/rustwide/target/debug/deps/libasync_channel-805e160f1f65971c.rmeta --extern bevy_ecs_macros=/opt/rustwide/target/debug/deps/libbevy_ecs_macros-c8dda6e0646a7469.so --extern bevy_ptr=/opt/rustwide/target/debug/deps/libbevy_ptr-8b4104a5939cd5ea.rmeta --extern bevy_reflect=/opt/rustwide/target/debug/deps/libbevy_reflect-5cae0e4e2c3b8ca9.rmeta --extern bevy_tasks=/opt/rustwide/target/debug/deps/libbevy_tasks-5f2055289af2701e.rmeta --extern bevy_utils=/opt/rustwide/target/debug/deps/libbevy_utils-232cf6f7521d1464.rmeta --extern downcast_rs=/opt/rustwide/target/debug/deps/libdowncast_rs-a1e3c23a8776d9dd.rmeta --extern event_listener=/opt/rustwide/target/debug/deps/libevent_listener-8aa58ba02ba4fc0a.rmeta --extern fixedbitset=/opt/rustwide/target/debug/deps/libfixedbitset-9913993b55216118.rmeta --extern rustc_hash=/opt/rustwide/target/debug/deps/librustc_hash-e61edc7a68f1ad75.rmeta --extern serde=/opt/rustwide/target/debug/deps/libserde-2f7f25fc8e6166ff.rmeta --extern thread_local=/opt/rustwide/target/debug/deps/libthread_local-0b3299ceec9c66f3.rmeta --cap-lints allow --cap-lints=forbid` (signal: 9, SIGKILL: kill)
[INFO] [stderr] warning: build failed, waiting for other jobs to finish...
[INFO] [stderr] error: could not compile `naga` (lib)
[INFO] [stderr] 
[INFO] [stderr] Caused by:
[INFO] [stderr]   process didn't exit successfully: `/opt/rustwide/rustup-home/toolchains/9610dfe5a9a731ced1ea4923ecbd0c57fe367898/bin/rustc --crate-name naga --edition=2021 /opt/rustwide/cargo-home/registry/src/index.crates.io-6f17d22bba15001f/naga-0.11.0/src/lib.rs --error-format=json --json=diagnostic-rendered-ansi,artifacts,future-incompat --crate-type lib --emit=dep-info,metadata -C embed-bitcode=no -C debuginfo=2 --cfg 'feature="clone"' --cfg 'feature="codespan-reporting"' --cfg 'feature="default"' --cfg 'feature="glsl-in"' --cfg 'feature="glsl-out"' --cfg 'feature="hexf-parse"' --cfg 'feature="petgraph"' --cfg 'feature="pp-rs"' --cfg 'feature="span"' --cfg 'feature="spirv"' --cfg 'feature="spv-in"' --cfg 'feature="spv-out"' --cfg 'feature="termcolor"' --cfg 'feature="unicode-xid"' --cfg 'feature="validate"' --cfg 'feature="wgsl-in"' --cfg 'feature="wgsl-out"' -C metadata=138c3b4e242dd659 -C extra-filename=-138c3b4e242dd659 --out-dir /opt/rustwide/target/debug/deps -L dependency=/opt/rustwide/target/debug/deps --extern bit_set=/opt/rustwide/target/debug/deps/libbit_set-d230962e67781817.rmeta --extern bitflags=/opt/rustwide/target/debug/deps/libbitflags-dd5d9cedf36a6394.rmeta --extern codespan_reporting=/opt/rustwide/target/debug/deps/libcodespan_reporting-1bf8c6cdc37abcbe.rmeta --extern hexf_parse=/opt/rustwide/target/debug/deps/libhexf_parse-ee5728c4ea7f66bd.rmeta --extern indexmap=/opt/rustwide/target/debug/deps/libindexmap-8085771fa7065cc2.rmeta --extern log=/opt/rustwide/target/debug/deps/liblog-043d88b211b97e03.rmeta --extern num_traits=/opt/rustwide/target/debug/deps/libnum_traits-9d5cfc3c913cfe11.rmeta --extern petgraph=/opt/rustwide/target/debug/deps/libpetgraph-f2756b4fccf71c3c.rmeta --extern pp_rs=/opt/rustwide/target/debug/deps/libpp_rs-4d0850f3464b461d.rmeta --extern rustc_hash=/opt/rustwide/target/debug/deps/librustc_hash-e61edc7a68f1ad75.rmeta --extern spirv=/opt/rustwide/target/debug/deps/libspirv-79078a1e9c7217d5.rmeta --extern termcolor=/opt/rustwide/target/debug/deps/libtermcolor-0f41fa7ca3cc4dbb.rmeta --extern thiserror=/opt/rustwide/target/debug/deps/libthiserror-24bb1da0d9ebc3a6.rmeta --extern unicode_xid=/opt/rustwide/target/debug/deps/libunicode_xid-47cec90b8171cf7c.rmeta --cap-lints allow --cap-lints=forbid` (signal: 9, SIGKILL: kill)
[INFO] [stderr] error: failed to run custom build command for `synthizer-sys v0.10.10`
[INFO] [stderr] note: To improve backtraces for build dependencies, set the CARGO_PROFILE_DEV_BUILD_OVERRIDE_DEBUG=true environment variable to enable debug information generation.
[INFO] [stderr] 
[INFO] [stderr] Caused by:
[INFO] [stderr]   process didn't exit successfully: `/opt/rustwide/target/debug/build/synthizer-sys-26e01e1d6e48528f/build-script-build` (exit status: 101)
[INFO] [stderr]   --- stdout
[INFO] [stderr]   cargo:rerun-if-changed=synthizer-vendored
[INFO] [stderr]   CMAKE_TOOLCHAIN_FILE_x86_64-unknown-linux-gnu = None
[INFO] [stderr]   CMAKE_TOOLCHAIN_FILE_x86_64_unknown_linux_gnu = None
[INFO] [stderr]   HOST_CMAKE_TOOLCHAIN_FILE = None
[INFO] [stderr]   CMAKE_TOOLCHAIN_FILE = None
[INFO] [stderr]   CMAKE_GENERATOR_x86_64-unknown-linux-gnu = None
[INFO] [stderr]   CMAKE_GENERATOR_x86_64_unknown_linux_gnu = None
[INFO] [stderr]   HOST_CMAKE_GENERATOR = None
[INFO] [stderr]   CMAKE_GENERATOR = None
[INFO] [stderr]   CMAKE_PREFIX_PATH_x86_64-unknown-linux-gnu = None
[INFO] [stderr]   CMAKE_PREFIX_PATH_x86_64_unknown_linux_gnu = None
[INFO] [stderr]   HOST_CMAKE_PREFIX_PATH = None
[INFO] [stderr]   CMAKE_PREFIX_PATH = None
[INFO] [stderr]   CMAKE_x86_64-unknown-linux-gnu = None
[INFO] [stderr]   CMAKE_x86_64_unknown_linux_gnu = None
[INFO] [stderr]   HOST_CMAKE = None
[INFO] [stderr]   CMAKE = None
[INFO] [stderr]   running: cd "/opt/rustwide/target/debug/build/synthizer-sys-0b4b7703fd7bc778/out/build" && CMAKE_PREFIX_PATH="" "cmake" "/opt/rustwide/cargo-home/registry/src/index.crates.io-6f17d22bba15001f/synthizer-sys-0.10.10/synthizer-vendored" "-DCMAKE_INSTALL_PREFIX=/opt/rustwide/target/debug/build/synthizer-sys-0b4b7703fd7bc778/out" "-DCMAKE_C_FLAGS= -ffunction-sections -fdata-sections -fPIC -m64" "-DCMAKE_C_COMPILER=/usr/bin/cc" "-DCMAKE_CXX_FLAGS= -ffunction-sections -fdata-sections -fPIC -m64" "-DCMAKE_CXX_COMPILER=/usr/bin/c++" "-DCMAKE_ASM_FLAGS= -ffunction-sections -fdata-sections -fPIC -m64" "-DCMAKE_ASM_COMPILER=/usr/bin/cc" "-DCMAKE_BUILD_TYPE=Debug" "-DCMAKE_MSVC_RUNTIME_LIBRARY=MultiThreadedDLL" "-DSYZ_INTEGRATING=ON"
[INFO] [stderr]   -- The C compiler identification is GNU 11.3.0
[INFO] [stderr]   -- The CXX compiler identification is GNU 11.3.0
[INFO] [stderr]   -- Detecting C compiler ABI info
[INFO] [stderr]   -- Detecting C compiler ABI info - done
[INFO] [stderr]   -- Check for working C compiler: /usr/bin/cc - skipped
[INFO] [stderr]   -- Detecting C compile features
[INFO] [stderr]   -- Detecting C compile features - done
[INFO] [stderr]   -- Detecting CXX compiler ABI info
[INFO] [stderr]   -- Detecting CXX compiler ABI info - done
[INFO] [stderr]   -- Check for working CXX compiler: /usr/bin/c++ - skipped
[INFO] [stderr]   -- Detecting CXX compile features
[INFO] [stderr]   -- Detecting CXX compile features - done
[INFO] [stderr]   -- Looking for pthread.h
[INFO] [stderr]   -- Looking for pthread.h - found
[INFO] [stderr]   -- Performing Test CMAKE_HAVE_LIBC_PTHREAD
[INFO] [stderr]   -- Performing Test CMAKE_HAVE_LIBC_PTHREAD - Success
[INFO] [stderr]   -- Found Threads: TRUE  
[INFO] [stderr]   -- Performing Test FILESYSTEM_OK
[INFO] [stderr]   -- Performing Test FILESYSTEM_OK - Success
[INFO] [stderr]   -- Found C++17 filesystem support
[INFO] [stderr]   -- Configuring done
[INFO] [stderr]   -- Generating done
[INFO] [stderr]   -- Build files have been written to: /opt/rustwide/target/debug/build/synthizer-sys-0b4b7703fd7bc778/out/build
[INFO] [stderr]   running: cd "/opt/rustwide/target/debug/build/synthizer-sys-0b4b7703fd7bc778/out/build" && MAKEFLAGS="-j --jobserver-fds=7,8 --jobserver-auth=7,8" "cmake" "--build" "." "--target" "install" "--config" "Debug"
[INFO] [stderr]   [  4%] Building CXX object _deps/wdl-build/CMakeFiles/wdl_objlib.dir/WDL/resample.cpp.o
[INFO] [stderr]   [  8%] Building C object CMakeFiles/synthizer_single_file_libs.dir/src/single_file_libs.c.o
[INFO] [stderr]   [  8%] Built target wdl_objlib
[INFO] [stderr]   [  8%] Built target synthizer_single_file_libs
[INFO] [stderr]   [ 12%] Building CXX object CMakeFiles/synthizer.dir/src/audio_output.cpp.o
[INFO] [stderr]   [ 16%] Building CXX object CMakeFiles/synthizer.dir/src/byte_stream.cpp.o
[INFO] [stderr]   [ 20%] Building CXX object CMakeFiles/synthizer.dir/src/base_object.cpp.o
[INFO] [stderr]   [ 24%] Building CXX object CMakeFiles/synthizer.dir/src/context.cpp.o
[INFO] [stderr]   [ 28%] Building CXX object CMakeFiles/synthizer.dir/src/c_api/unity.cpp.o
[INFO] [stderr]   [ 32%] Building CXX object CMakeFiles/synthizer.dir/src/decoding.cpp.o
[INFO] [stderr]   [ 36%] Building CXX object CMakeFiles/synthizer.dir/src/error.cpp.o
[INFO] [stderr]   [ 40%] Building CXX object CMakeFiles/synthizer.dir/src/event_timeline.cpp.o
[INFO] [stderr]   [ 44%] Building CXX object CMakeFiles/synthizer.dir/src/events.cpp.o
[INFO] [stderr]   [ 48%] Building CXX object CMakeFiles/synthizer.dir/src/generator.cpp.o
[INFO] [stderr]   [ 52%] Building CXX object CMakeFiles/synthizer.dir/src/logging.cpp.o
[INFO] [stderr]   [ 56%] Building CXX object CMakeFiles/synthizer.dir/src/pausable.cpp.o
[INFO] [stderr]   [ 60%] Building CXX object CMakeFiles/synthizer.dir/src/memory.cpp.o
[INFO] [stderr]   [ 64%] Building CXX object CMakeFiles/synthizer.dir/src/property_internals.cpp.o
[INFO] [stderr]   [ 68%] Building CXX object CMakeFiles/synthizer.dir/src/routable.cpp.o
[INFO] [stderr]   [ 72%] Building CXX object CMakeFiles/synthizer.dir/src/router.cpp.o
[INFO] [stderr]   [ 76%] Building CXX object CMakeFiles/synthizer.dir/src/shared_object.cpp.o
[INFO] [stderr]   [ 80%] Building CXX object CMakeFiles/synthizer.dir/src/data/arrays.cpp.o
[INFO] [stderr]   [ 84%] Building CXX object CMakeFiles/synthizer.dir/src/data/hrtf.cpp.o
[INFO] [stderr]   [ 88%] Building CXX object CMakeFiles/synthizer.dir/src/streams/custom_stream.cpp.o
[INFO] [stderr]   [ 92%] Building CXX object CMakeFiles/synthizer.dir/src/streams/file.cpp.o
[INFO] [stderr] 
[INFO] [stderr]   --- stderr
[INFO] [stderr]   CMake Warning:
[INFO] [stderr]     Manually-specified variables were not used by the project:
[INFO] [stderr] 
[INFO] [stderr]       CMAKE_ASM_COMPILER
[INFO] [stderr]       CMAKE_ASM_FLAGS
[INFO] [stderr] 
[INFO] [stderr] 
[INFO] [stderr]   In file included from /usr/include/endian.h:21,
[INFO] [stderr]                    from /opt/rustwide/cargo-home/registry/src/index.crates.io-6f17d22bba15001f/synthizer-sys-0.10.10/synthizer-vendored/deps/deps/third_party/dr_libs/dr_flac.h:1336,
[INFO] [stderr]                    from /opt/rustwide/cargo-home/registry/src/index.crates.io-6f17d22bba15001f/synthizer-sys-0.10.10/synthizer-vendored/src/single_file_libs.c:3:
[INFO] [stderr]   /usr/include/features.h:194:3: warning: #warning "_BSD_SOURCE and _SVID_SOURCE are deprecated, use _DEFAULT_SOURCE" [-Wcpp]
[INFO] [stderr]     194 | # warning "_BSD_SOURCE and _SVID_SOURCE are deprecated, use _DEFAULT_SOURCE"
[INFO] [stderr]         |   ^~~~~~~
[INFO] [stderr]   c++: fatal error: Killed signal terminated program cc1plus
[INFO] [stderr]   compilation terminated.
[INFO] [stderr]   gmake[2]: *** [CMakeFiles/synthizer.dir/build.make:202: CMakeFiles/synthizer.dir/src/generator.cpp.o] Error 1
[INFO] [stderr]   gmake[2]: *** Waiting for unfinished jobs....
[INFO] [stderr]   c++: fatal error: Killed signal terminated program cc1plus
[INFO] [stderr]   compilation terminated.
[INFO] [stderr]   gmake[2]: *** [CMakeFiles/synthizer.dir/build.make:244: CMakeFiles/synthizer.dir/src/pausable.cpp.o] Error 1
[INFO] [stderr]   gmake[1]: *** [CMakeFiles/Makefile2:1030: CMakeFiles/synthizer.dir/all] Error 2
[INFO] [stderr]   gmake: *** [Makefile:146: all] Error 2
[INFO] [stderr]   thread 'main' panicked at '
[INFO] [stderr]   command did not execute successfully, got: exit status: 2
[INFO] [stderr] 
[INFO] [stderr]   build script failed, must exit now', /opt/rustwide/cargo-home/registry/src/index.crates.io-6f17d22bba15001f/cmake-0.1.50/src/lib.rs:1098:5
[INFO] [stderr]   stack backtrace:
[INFO] [stderr]      0:     0x55d7fde9e3b1 - std::backtrace_rs::backtrace::libunwind::trace::h036e87df56fc4b9d
[INFO] [stderr]                                  at /rustc/9610dfe5a9a731ced1ea4923ecbd0c57fe367898/library/std/src/../../backtrace/src/backtrace/libunwind.rs:93:5
[INFO] [stderr]      1:     0x55d7fde9e3b1 - std::backtrace_rs::backtrace::trace_unsynchronized::hd61eb2dbd6ae476a
[INFO] [stderr]                                  at /rustc/9610dfe5a9a731ced1ea4923ecbd0c57fe367898/library/std/src/../../backtrace/src/backtrace/mod.rs:66:5
[INFO] [stderr]      2:     0x55d7fde9e3b1 - std::sys_common::backtrace::_print_fmt::h00c50d0875db23c9
[INFO] [stderr]                                  at /rustc/9610dfe5a9a731ced1ea4923ecbd0c57fe367898/library/std/src/sys_common/backtrace.rs:65:5
[INFO] [stderr]      3:     0x55d7fde9e3b1 - <std::sys_common::backtrace::_print::DisplayBacktrace as core::fmt::Display>::fmt::h63195ab2dde77ccc
[INFO] [stderr]                                  at /rustc/9610dfe5a9a731ced1ea4923ecbd0c57fe367898/library/std/src/sys_common/backtrace.rs:44:22
[INFO] [stderr]      4:     0x55d7fdec06cf - core::fmt::rt::Argument::fmt::h83f4110348c688f4
[INFO] [stderr]                                  at /rustc/9610dfe5a9a731ced1ea4923ecbd0c57fe367898/library/core/src/fmt/rt.rs:138:9
[INFO] [stderr]      5:     0x55d7fdec06cf - core::fmt::write::h509367dd365f983a
[INFO] [stderr]                                  at /rustc/9610dfe5a9a731ced1ea4923ecbd0c57fe367898/library/core/src/fmt/mod.rs:1094:21
[INFO] [stderr]      6:     0x55d7fde9b5e1 - std::io::Write::write_fmt::h8e60bfebdaabfee5
[INFO] [stderr]                                  at /rustc/9610dfe5a9a731ced1ea4923ecbd0c57fe367898/library/std/src/io/mod.rs:1713:15
[INFO] [stderr]      7:     0x55d7fde9e1c5 - std::sys_common::backtrace::_print::h96e550016098cde6
[INFO] [stderr]                                  at /rustc/9610dfe5a9a731ced1ea4923ecbd0c57fe367898/library/std/src/sys_common/backtrace.rs:47:5
[INFO] [stderr]      8:     0x55d7fde9e1c5 - std::sys_common::backtrace::print::h7a049611b153a02e
[INFO] [stderr]                                  at /rustc/9610dfe5a9a731ced1ea4923ecbd0c57fe367898/library/std/src/sys_common/backtrace.rs:34:9
[INFO] [stderr]      9:     0x55d7fde9f897 - std::panicking::default_hook::{{closure}}::h1b023d46676794c4
[INFO] [stderr]     10:     0x55d7fde9f684 - std::panicking::default_hook::hea2961dabcf68e83
[INFO] [stderr]                                  at /rustc/9610dfe5a9a731ced1ea4923ecbd0c57fe367898/library/std/src/panicking.rs:288:9
[INFO] [stderr]     11:     0x55d7fde9fd4c - std::panicking::rust_panic_with_hook::h4285c91a8168b001
[INFO] [stderr]                                  at /rustc/9610dfe5a9a731ced1ea4923ecbd0c57fe367898/library/std/src/panicking.rs:705:13
[INFO] [stderr]     12:     0x55d7fde9fc47 - std::panicking::begin_panic_handler::{{closure}}::h6ebd0d46f0c6b010
[INFO] [stderr]                                  at /rustc/9610dfe5a9a731ced1ea4923ecbd0c57fe367898/library/std/src/panicking.rs:597:13
[INFO] [stderr]     13:     0x55d7fde9e7e6 - std::sys_common::backtrace::__rust_end_short_backtrace::h92042d128576b63a
[INFO] [stderr]                                  at /rustc/9610dfe5a9a731ced1ea4923ecbd0c57fe367898/library/std/src/sys_common/backtrace.rs:151:18
[INFO] [stderr]     14:     0x55d7fde9f992 - rust_begin_unwind
[INFO] [stderr]                                  at /rustc/9610dfe5a9a731ced1ea4923ecbd0c57fe367898/library/std/src/panicking.rs:593:5
[INFO] [stderr]     15:     0x55d7fde25673 - core::panicking::panic_fmt::h65404fc8061ee73a
[INFO] [stderr]                                  at /rustc/9610dfe5a9a731ced1ea4923ecbd0c57fe367898/library/core/src/panicking.rs:67:14
[INFO] [stderr]     16:     0x55d7fde30b91 - cmake::fail::hd0a965869967e8fa
[INFO] [stderr]     17:     0x55d7fde30325 - cmake::run::hc18bb30a5d010e8c
[INFO] [stderr]     18:     0x55d7fde2cb0e - cmake::Config::build::h22a38458073d0972
[INFO] [stderr]     19:     0x55d7fde269eb - build_script_build::main::had18abf2821dc444
[INFO] [stderr]     20:     0x55d7fde27793 - core::ops::function::FnOnce::call_once::h0597509a5b25df6d
[INFO] [stderr]     21:     0x55d7fde26776 - std::sys_common::backtrace::__rust_begin_short_backtrace::ha3c4f69f41d412eb
[INFO] [stderr]     22:     0x55d7fde27d59 - std::rt::lang_start::{{closure}}::h63c4a89ae2b975f2
[INFO] [stderr]     23:     0x55d7fde97435 - core::ops::function::impls::<impl core::ops::function::FnOnce<A> for &F>::call_once::h49ef85a8a8d45198
[INFO] [stderr]                                  at /rustc/9610dfe5a9a731ced1ea4923ecbd0c57fe367898/library/core/src/ops/function.rs:284:13
[INFO] [stderr]     24:     0x55d7fde97435 - std::panicking::try::do_call::ha1def14af693a135
[INFO] [stderr]                                  at /rustc/9610dfe5a9a731ced1ea4923ecbd0c57fe367898/library/std/src/panicking.rs:500:40
[INFO] [stderr]     25:     0x55d7fde97435 - std::panicking::try::haa3dc2a1139932e2
[INFO] [stderr]                                  at /rustc/9610dfe5a9a731ced1ea4923ecbd0c57fe367898/library/std/src/panicking.rs:464:19
[INFO] [stderr]     26:     0x55d7fde97435 - std::panic::catch_unwind::h9d9cbebaf9f15c67
[INFO] [stderr]                                  at /rustc/9610dfe5a9a731ced1ea4923ecbd0c57fe367898/library/std/src/panic.rs:142:14
[INFO] [stderr]     27:     0x55d7fde97435 - std::rt::lang_start_internal::{{closure}}::hf660a772669a69cc
[INFO] [stderr]                                  at /rustc/9610dfe5a9a731ced1ea4923ecbd0c57fe367898/library/std/src/rt.rs:148:48
[INFO] [stderr]     28:     0x55d7fde97435 - std::panicking::try::do_call::hb1c34715bb9b1c46
[INFO] [stderr]                                  at /rustc/9610dfe5a9a731ced1ea4923ecbd0c57fe367898/library/std/src/panicking.rs:500:40
[INFO] [stderr]     29:     0x55d7fde97435 - std::panicking::try::h499866fd990da8f1
[INFO] [stderr]                                  at /rustc/9610dfe5a9a731ced1ea4923ecbd0c57fe367898/library/std/src/panicking.rs:464:19
[INFO] [stderr]     30:     0x55d7fde97435 - std::panic::catch_unwind::hac1ffec55b72e7bc
[INFO] [stderr]                                  at /rustc/9610dfe5a9a731ced1ea4923ecbd0c57fe367898/library/std/src/panic.rs:142:14
[INFO] [stderr]     31:     0x55d7fde97435 - std::rt::lang_start_internal::h0fecf91cd579e7b6
[INFO] [stderr]                                  at /rustc/9610dfe5a9a731ced1ea4923ecbd0c57fe367898/library/std/src/rt.rs:148:20
[INFO] [stderr]     32:     0x55d7fde27d37 - std::rt::lang_start::h26bd2774da387995
[INFO] [stderr]     33:     0x55d7fde26dd5 - main
[INFO] [stderr]     34:     0x7f12a7c4ad90 - <unknown>
[INFO] [stderr]     35:     0x7f12a7c4ae40 - __libc_start_main
[INFO] [stderr]     36:     0x55d7fde25d15 - _start
[INFO] [stderr]     37:                0x0 - <unknown>
[INFO] running `Command { std: "docker" "inspect" "1cc6359dfc1c39658aa24daa74c394513585216c59cfad09d2560d8db4443763", kill_on_drop: false }`
[INFO] running `Command { std: "docker" "rm" "-f" "1cc6359dfc1c39658aa24daa74c394513585216c59cfad09d2560d8db4443763", kill_on_drop: false }`
[INFO] [stdout] 1cc6359dfc1c39658aa24daa74c394513585216c59cfad09d2560d8db4443763
